3 + 1 + 3*n**3 - 2. Suppose -4*y = -2*y + 2. What is g(y)?
-4
Suppose 5*g = 2*c - 28, 4*g + 4*c - 4 = -c. Let p(j) = -2*j + 2. Let o(a) = a - 1. Let y(d) = 7*o(d) + 4*p(d). Determine y(g).
5
Let b(f) be the first derivative of f**6/120 - f**5/15 - f**4/4 - f**3/6 + 3*f**2/2 + 2. Let p(v) be the second derivative of b(v). Calculate p(5).
-6
Let a(f) = f + 8. Let b be a(-6). Let y(d) = 5*d - 2. Determine y(b).
8
Suppose 5*q - 37 = -p - 0*p, 0 = -2*p + 4. Let k(j) = -j**3 + 17*j**2 + 2. Let y be k(17). Let d(f) = -2*f + 0*f + q - y*f + 3*f. Determine d(3).
4
Let t(n) = n + 1. Let h(q) = -q. Let b be h(-5). Suppose 4*p = -p + b. Determine t(p).
2
Suppose 0 = -4*i - 67 + 47. Let w(k) = k**3 + 4*k**2 - 4*k + 5. Give w(i).
0
Let a be 2/8*-2*0. Let j(w) = 0*w**3 + 6*w**2 - w**3 - 1 + a*w - 6*w. Determine j(5).
-6
Let n(l) be the third derivative of -l**6/360 + l**5/20 - l**4/4 + l**3/6 + 3*l**2. Let a(q) be the first derivative of n(q). Calculate a(4).
2
Let d(o) = -o**2 + 4*o - 2. Let n be d(3). Let m(c) = c - n - c - c. Determine m(5).
-6
Let c(k) be the second derivative of k**4/6 + 2*k**3/3 + k**2/2 - 2*k. Let i(x) = x**2 + 3*x + 1. Let w(y) = 2*c(y) - 3*i(y). What is w(0)?
-1
Let l(z) = -z**3 + 14*z**2 + 16*z - 9. Let u be l(15). Suppose -u*p = -2*p - 16. Let w(v) = -v**2 + 6*v - 6. Calculate w(p).
2
Suppose 0*v - v - 1 = -h, -2*v = -4*h. Let d(n) = n**3 + n**2 + 1. Give d(v).
-3
Let i(z) = 3*z + 9*z**2 - 2*z - 29 - 4*z. Let b(q) = -5*q**2 + q + 15. Let v(p) = 11*b(p) + 6*i(p). Calculate v(-6).
-3
Let v(n) = -n**2 - 8*n - 2. Let y be ((-231)/33)/(1 - 0). Give v(y).
5
Let w be 34/(-6)*(-2 + -1). Let a(g) = 0*g + 2*g + w - 20. Suppose 3*h - 3 = 9. Give a(h).
5
Let a(q) = -q - 2. Let i be a(-2). Let m(j) be the first derivative of 3 + i*j - j + j**2 - 1. Calculate m(4).
7
Let s(n) = -n. Let q = 5 + -16. Let o = q - -11. Calculate s(o).
0
Let k(f) = -f**2 - f. Let g(c) = -7*c**2 - 7*c + 3. Let s(d) = g(d) - 6*k(d). Suppose 4*w + 30 = 10. Let t be 26/(-8) + w/(-20). Determine s(t).
-3
Let g(n) = 2*n**3 + n**2 - n. Let z(j) = -11*j**3 - 2*j**2 + 9*j. Let v(t) = 5*g(t) + z(t). Let i(d) = d - 2. Let q be i(5). Determine v(q).
12
Suppose 4*s - 1 - 27 = -5*x, -s + 5*x - 18 = 0. Let l(u) = -4*u**3 + 4*u**2 - 3*u + 2. What is l(s)?
-20
Let s = -7 + 3. Let v be 0/(8/(-2))*-1. Let x(h) = 0*h**2 - h**2 - 3*h + v*h**2 - 4. Determine x(s).
-8
Suppose 4*a = -6*b + 5*b + 3, -5*b - 15 = 5*a. Let i(f) = a*f**2 - 3*f**2 - f**2 + f**3 - 1 + 6*f**2 + 4*f. What is i(-3)?
-4
Suppose -40 = -26*a + 18*a. Let n(h) be the third derivative of h**4/24 - 2*h**3/3 - h**2. Determine n(a).
1
Let p(y) be the second derivative of -y**4/6 - y**3/3 + 2*y**2 + 2*y. Give p(-3).
-8
Let j be (1*4/2)/(-1). Let s(z) = 2*z**2 + 4*z - 5. Let a(p) = -p + 1. Let x(q) = -a(q) - s(q). Let o(g) be the first derivative of x(g). Give o(j).
5
Let q(y) = -y**3 - 7*y**2 - 5*y + 1. Let l(r) = -4*r**3 + 2*r**2 + r. Let o be l(-1). Let u(x) = -x**2 + 4*x - 1. Let w be u(o). Calculate q(w).
-5
Let a(j) = 30*j - 31*j + 0*j**2 - j**2. Let n be (-4)/20 - 1/(-5). Give a(n).
0
Let l = -29 - -21. Let k(w) = w + 1. Determine k(l).
-7
Suppose 18 = -3*q - 5*a, 4*a = 3*q - 0*a + 18. Let d(b) = -b - 3. Determine d(q).
3
Let z(j) = -7*j + 6. Let d(t) = 5*t**3 - 2*t**2 + 2*t - 1. Let n be d(1). Give z(n).
-22
Let r be -4 - (1 + 0/2). Let z(g) = g**3 + 5*g**2 - g + 3. Let q be z(r). Let o be (2/4)/(2/q). Let u(n) = n**3 - 2*n**2 + 2*n + 2. Calculate u(o).
6
Let w(q) be the first derivative of -4 + 2*q**2 - 5*q + 1/3*q**3. Determine w(-5).
0
Let m(q) = -q - 10. Let a be m(-7). Let u = a + 5. Suppose -3*j = -6*j - u*k + 6, 0 = -3*j + 4*k + 6. Let l(f) = -f + 1. What is l(j)?
-1
Let q(j) = 0*j + 2*j**2 - 2*j - 3 + 5*j. Let o be (0 + -1)/(4/(-16)). Suppose l - 13 = -4*h, -3*l = 2*h - o*h + 17. What is q(l)?
6
Let n(p) = 1 + 4 - 4 + p**2. Let m(a) = 5*a**2 + 5*a + 11. Suppose 3*w + 15 = -x, 4*w + 3*x - 5*x + 30 = 0. Let f(o) = w*n(o) + m(o). What is f(5)?
5
Let c(t) be the third derivative of -t**5/20 + t**3/3 + t**2. Let m(b) be the first derivative of c(b). Determine m(1).
-6
Let m(w) be the third derivative of w**4/6 - w**3 - w**2. Suppose 2*i - 5*s = 4 - 9, -i + 5*s = 10. Determine m(i).
14
Let p be 1/(-1 - (-20)/8). Let f(o) be the second derivative of 1/12*o**4 - o + 1/2*o**2 + 0 + p*o**3. Calculate f(-2).
-3
Let p(s) = -s + 4. Let c be 83/(-7) - 8/56. Let x = -9 - c. What is p(x)?
1
Let t be ((-2)/(-3) - 0)*6. Let v(p) = 2*p - 5. Let y be v(t). Let r(k) be the first derivative of k**2 - 3*k - 7. What is r(y)?
3
Let u(t) = 11*t - 1. Let d = 1 + 0. What is u(d)?
10
Let n(q) be the first derivative of 3*q**2 - q - 1. Suppose -l + 5 = b - 1, 0 = 3*l - b - 2. Let z be l/4 - (-9)/18. Give n(z).
5
Let m(a) = a**2 - 2*a + 4. Let l be m(3). Let y = -8 + l. Let x(p) be the second derivative of -p**4/2 + p**2/2 + p. What is x(y)?
-5
Let n(o) = -o**3 + 5*o**2 - o. Let w be n(5). Let x(j) = -3*j - 2 + 2*j - 4. Calculate x(w).
-1
Suppose 3*t - 16 = -5*r, 12 = 4*t - t + 3*r. Suppose -t*s - 3 = -5*s. Let v(f) be the second derivative of f**3/3 - f**2/2 - 2*f. Give v(s).
1
Let u(a) = -a**3 + 12*a**2 + 15*a - 26. Let q be u(13). Let h(s) = -s**3 + s**2 - 11. Determine h(q).
-11
Let u(z) = -z - 1. Let h be u(-3). Suppose -c + 3*c + 3 = 3*y, 0 = c + 3*y - 12. Let p(t) = c*t**h - 2*t**2 + 0*t**2 + t - 2. Determine p(-2).
0
Suppose -s - 6 = -t, -s + 3*s + 6 = t. Let x(w) be the first derivative of -w**4/4 + 5*w**3/3 + 2*w**2 + 8*w - 2. Give x(t).
-4
Let r(w) = 4*w + 0*w + 0*w + 1. Suppose 0 = 5*t - 4*f + 19, -2*t = -0*t + f + 5. Let p = t - -5. What is r(p)?
9
Let u(z) be the second derivative of -z**5/20 + 7*z**4/12 + z**3/2 - 5*z**2 - 8*z. Determine u(7).
11
Let q(m) = 8*m**2 + 12*m**2 - 12*m**2. Suppose -3 = -r - 4. Give q(r).
8
Let i be 2/(-9) - 6/(-27). Let w(u) = -u**2 - u + 4. Determine w(i).
4
Suppose 2*g = -2 + 6. Let r(p) = -g*p**3 - 1 + 3 - 3*p**2 + 0*p**2. Determine r(-2).
6
Let k(c) = -c + 1. Suppose 3*z + z - u = -8, 0 = 3*z - u + 7. Let l = 7 - 10. Let g = l + z. Calculate k(g).
5
Suppose 4*c = 6 + 2. Suppose -2*g + t = -c*t, -3*t - 6 = -g. Let o(u) = -10*u + u**2 + 6*u - 2*u + 2 - 2*u**2. Give o(g).
2
Let y(x) = x**2 + 10*x + 3. Let w be 56/(-4)*2/4. What is y(w)?
-18
Suppose r + 5 = 1. Let b(g) = 4*g + 1. What is b(r)?
-15
Suppose 0 = -0*r + 2*r. Let y(z) = -4 + 5*z + 5 - 2. Let u(n) = -9*n + 2. Let g(t) = -6*u(t) - 11*y(t). Determine g(r).
-1
Let i(n) = n + 3. Let u(l) = l + 2. Let w(b) = -2*i(b) + 3*u(b). Calculate w(-4).
-4
Let z(x) be the second derivative of x**5/20 - x**4/2 - x**3 - 2*x**2 + 2*x. Determine z(7).
3
Let p(z) = 6*z**2 + 8*z + 4. Let x(v) = -v + 1 - 1 - v**2. Suppose 0 = -2*l - 0*l - 2. Let w(t) = l*p(t) - 5*x(t). Calculate w(-3).
-4
Let p(g) = g + 0*g - 2*g + 2 + 4. Calculate p(7).
-1
Let a be (-23)/(-46) + 7/2. Let j(y) = -15*y**3 - 1. Let f be j(-1). Let s be (-10)/a - (-7)/f. Let q(k) = -k**3 - k**2 + 2*k + 3. Determine q(s).
3
Let d(l) = -l + 1. Suppose 3*w = -2*w - 30. Let g = -3 - w. Let c(a) = a**3 - 2*a**2 - 4*a + 3. Let z be c(g). What is d(z)?
1
Let n(p) be the second derivative of -p**4/12 - 7*p**3/6 - 5*p**2/2 - 10*p. Let q = 0 + -4. Give n(q).
7
Let x(n) = -2*n**2 + 2*n + 1. Let z(i) = i - 4. Let o be z(9). Suppose w - o = -2*t - 0, -w - 5 = -3*t. Let b be (-1 - w)*4/8. What is x(b)?
-3
Let f(o) be the third derivative of -o**4/12 + 7*o**3/6 + o**2 + 10*o. Determine f(7).
-7
Let w(r) = -2*r**2 - 7*r - 5. Suppose -4*m = -k + m - 9, -5*k = -m + 21. Give w(k).
-9
Let f(l) = -l**2 + l - 1. Let d(t) = 12*t**2 - 10*t + 10. Let w(g) = d(g) + 10*f(g). What is w(-2)?
8
Let t(o) = -o - 8. Let f be t(-7). Let c(d) = 5*d**3 + 3*d**2 - 2*d - 6. Let m(b) = -b**3 - b**2 + 1. Let g(k) = f*c(k) - 4*m(k). Determine g(3).
-10
Let l(m) be the second derivative of -m**5/20 + m**4/3 + 2*m**3/3 + 3*m**2 - 6*m. Give l(5).
1
Let d(o) = 2*o**3 + 3*o**2 + 2*o + 3. Suppose 0 = j - 2*j + 3*a + 10, -4*j + 5*a = -19. Let p(h) = -j - 6 + 0 - h. Let m be p(-5). Give d(m).
-5
Let p be (-14)/4*(2 - 4). Suppose -5 = -2*q + p. Let m(z) = -z**3 + 5*z**2 + 6*z + 5. What is m(q)?
5
Let i(c) be the third derivative of -c**6/120 + c**5/15 + c**4/12 - c**3/3 - 9*c**2. Determine i(4).
6
Let f(d) = -d**3 + 4*d**2 - 2*d - 1. Suppos